{"id":407,"date":"2020-09-23T08:11:28","date_gmt":"2020-09-23T08:11:28","guid":{"rendered":"https:\/\/proteo.yithemes.com\/food\/?page_id=17"},"modified":"2026-01-18T00:07:36","modified_gmt":"2026-01-18T00:07:36","slug":"delta-romeu-1","status":"publish","type":"page","link":"https:\/\/deltaromeu.com.br\/portal\/","title":{"rendered":"Delta Romeu 1"},"content":{"rendered":"\n<div class=\"wp-block-group alignfull has-background\" style=\"background-color:#faf1e0\"><div class=\"wp-block-group__inner-container is-layout-flow wp-block-group-is-layout-flow\">\n<div class=\"wp-block-media-text alignwide has-media-on-the-right is-stacked-on-mobile animate-fade\" style=\"grid-template-columns:auto 53%\"><div class=\"wp-block-media-text__content\">\n<div style=\"height:50px\" aria-hidden=\"true\" class=\"wp-block-spacer\"><\/div>\n\n\n\n<h2 class=\"wp-block-heading animate-fade-right\">Sobre n\u00f3s<\/h2>\n\n\n\n<p class=\"animate-fade-right\">A Delta Romeu despachantes nasceu quando seu fundador Francisco Batista Ferreira, instrutor e examinador de ultraleves, piloto privado de avi\u00e3o, professor de aulas te\u00f3ricas para avia\u00e7\u00e3o aerodesportiva, mais conhecido como Ferreira, come\u00e7ou a ajudar seus alunos e amigos na presta\u00e7\u00e3o de servi\u00e7os de despachante na avia\u00e7\u00e3o civil junto \u00e0 ANAC e ANATEL.<\/p>\n\n\n\n<p>Sua preocupa\u00e7\u00e3o com organiza\u00e7\u00e3o, efici\u00eancia, responsabilidade e o pronto atendimento com os servi\u00e7os prestados o tornou conhecido no ramo.<\/p>\n\n\n\n<p class=\"animate-fade-right\">Prestando um atendimento diferenciado, personalizado e com a experi\u00eancia adquirida ao longo do tempo resolveu criar a Delta Romeu Despachantes e ampliar seus neg\u00f3cios.<\/p>\n\n\n\n<p class=\"animate-fade-right\"><a href=\"https:\/\/web.whatsapp.com\/send?phone=5511999732313&amp;text=\" data-type=\"page\" data-id=\"28\">Entrar em contato \u27f6<\/a><\/p>\n\n\n\n<div style=\"height:50px\" aria-hidden=\"true\" class=\"wp-block-spacer\"><\/div>\n<\/div><figure class=\"wp-block-media-text__media\"><img loading=\"lazy\" decoding=\"async\" width=\"1024\" height=\"683\" src=\"https:\/\/deltaromeu.com.br\/portal\/wp-content\/uploads\/2026\/01\/1-1-a-1024x683.png\" alt=\"\" class=\"wp-image-427 size-full\" srcset=\"https:\/\/deltaromeu.com.br\/portal\/wp-content\/uploads\/2026\/01\/1-1-a-1024x683.png 1024w, https:\/\/deltaromeu.com.br\/portal\/wp-content\/uploads\/2026\/01\/1-1-a-300x200.png 300w, https:\/\/deltaromeu.com.br\/portal\/wp-content\/uploads\/2026\/01\/1-1-a-768x512.png 768w, https:\/\/deltaromeu.com.br\/portal\/wp-content\/uploads\/2026\/01\/1-1-a.png 1536w\" sizes=\"auto, (max-width: 1024px) 100vw, 1024px\" \/><\/figure><\/div>\n<\/div><\/div>\n\n\n\n<div class=\"wp-block-media-text is-stacked-on-mobile animate-fade-right left-negative-margin-full-width\"><figure class=\"wp-block-media-text__media\"><img loading=\"lazy\" decoding=\"async\" width=\"1024\" height=\"683\" src=\"https:\/\/deltaromeu.com.br\/portal\/wp-content\/uploads\/2026\/01\/1-1-anatel-1024x683.png\" alt=\"\" class=\"wp-image-429 size-full\" srcset=\"https:\/\/deltaromeu.com.br\/portal\/wp-content\/uploads\/2026\/01\/1-1-anatel-1024x683.png 1024w, https:\/\/deltaromeu.com.br\/portal\/wp-content\/uploads\/2026\/01\/1-1-anatel-300x200.png 300w, https:\/\/deltaromeu.com.br\/portal\/wp-content\/uploads\/2026\/01\/1-1-anatel-768x512.png 768w, https:\/\/deltaromeu.com.br\/portal\/wp-content\/uploads\/2026\/01\/1-1-anatel.png 1536w\" sizes=\"auto, (max-width: 1024px) 100vw, 1024px\" \/><\/figure><div class=\"wp-block-media-text__content\">\n<h2 class=\"wp-block-heading\"><a href=\"https:\/\/deltaromeu.com.br\/site\/anatel\/\">ANATEL<\/a><\/h2>\n\n\n\n<p class=\"animate-fade\">Servi\u00e7os relacionados a documenta\u00e7\u00e3o de LICEN\u00c7A DE ESTA\u00c7\u00c3O<\/p>\n\n\n\n<div class=\"wp-block-buttons is-layout-flex wp-block-buttons-is-layout-flex\">\n<div class=\"wp-block-button is-style-outline animate-fade-up is-style-outline--1\"><a class=\"wp-block-button__link has-text-color wp-element-button\" href=\"https:\/\/web.whatsapp.com\/send?phone=5511999732313&amp;text=\" style=\"border-radius:10px;color:#709422\">CONTATO<\/a><\/div>\n<\/div>\n<\/div><\/div>\n\n\n\n<div class=\"wp-block-media-text alignwide has-media-on-the-right is-stacked-on-mobile animate-fade-left right-negative-margin-full-width\"><div class=\"wp-block-media-text__content\">\n<h2 class=\"wp-block-heading\"><a href=\"https:\/\/deltaromeu.com.br\/site\/anac\/\">ANAC<\/a><\/h2>\n\n\n\n<p class=\"animate-fade\">Servi\u00e7os relacionados a documenta\u00e7\u00e3o de AERONAVES<\/p>\n\n\n\n<div class=\"wp-block-buttons is-layout-flex wp-block-buttons-is-layout-flex\">\n<div class=\"wp-block-button is-style-outline animate-fade-up is-style-outline--2\"><a class=\"wp-block-button__link has-text-color wp-element-button\" href=\"https:\/\/web.whatsapp.com\/send?phone=5511999732313&amp;text=\" style=\"border-radius:10px;color:#709422\">CONTATO<\/a><\/div>\n<\/div>\n<\/div><figure class=\"wp-block-media-text__media\"><img loading=\"lazy\" decoding=\"async\" width=\"1024\" height=\"683\" src=\"https:\/\/deltaromeu.com.br\/portal\/wp-content\/uploads\/2026\/01\/1-1-ANAC-1024x683.png\" alt=\"\" class=\"wp-image-431 size-full\" srcset=\"https:\/\/deltaromeu.com.br\/portal\/wp-content\/uploads\/2026\/01\/1-1-ANAC-1024x683.png 1024w, https:\/\/deltaromeu.com.br\/portal\/wp-content\/uploads\/2026\/01\/1-1-ANAC-300x200.png 300w, https:\/\/deltaromeu.com.br\/portal\/wp-content\/uploads\/2026\/01\/1-1-ANAC-768x512.png 768w, https:\/\/deltaromeu.com.br\/portal\/wp-content\/uploads\/2026\/01\/1-1-ANAC.png 1536w\" sizes=\"auto, (max-width: 1024px) 100vw, 1024px\" \/><\/figure><\/div>\n\n\n\n<div class=\"wp-block-group animate-fade-top top-negative-margin-50 has-white-color has-text-color has-background\" style=\"background-color:#66482cf2\"><div class=\"wp-block-group__inner-container is-layout-flow wp-block-group-is-layout-flow\">\n<div style=\"height:70px\" aria-hidden=\"true\" class=\"wp-block-spacer\"><\/div>\n\n\n\n<h2 class=\"wp-block-heading has-text-align-center animate-fade-down has-white-color has-text-color\">CONTATO<\/h2>\n\n\n\n<p><\/p>\n\n\n\n<div style=\"height:80px\" aria-hidden=\"true\" class=\"wp-block-spacer\"><\/div>\n\n\n\n<div class=\"wp-block-columns is-layout-flex wp-container-core-columns-is-layout-9d6595d7 wp-block-columns-is-layout-flex\">\n<div class=\"wp-block-column is-layout-flow wp-block-column-is-layout-flow\">\n<div class=\"wpcf7 no-js\" id=\"wpcf7-f27-o1\" lang=\"en-US\" dir=\"ltr\" data-wpcf7-id=\"27\">\n<div class=\"screen-reader-response\"><p role=\"status\" aria-live=\"polite\" aria-atomic=\"true\"><\/p> <ul><\/ul><\/div>\n<form action=\"\/portal\/index.php\/wp-json\/wp\/v2\/pages\/407#wpcf7-f27-o1\" method=\"post\" class=\"wpcf7-form init\" aria-label=\"Contact form\" novalidate=\"novalidate\" data-status=\"init\">\n<fieldset class=\"hidden-fields-container\"><input type=\"hidden\" name=\"_wpcf7\" value=\"27\" \/><input type=\"hidden\" name=\"_wpcf7_version\" value=\"6.1.4\" \/><input type=\"hidden\" name=\"_wpcf7_locale\" value=\"en_US\" \/><input type=\"hidden\" name=\"_wpcf7_unit_tag\" value=\"wpcf7-f27-o1\" \/><input type=\"hidden\" name=\"_wpcf7_container_post\" value=\"0\" \/><input type=\"hidden\" name=\"_wpcf7_posted_data_hash\" value=\"\" \/>\n<\/fieldset>\n<div class=\"row\">\n\t<div class=\"col-md-4\">\n\t\t<p><label>Nome:<span class=\"wpcf7-form-control-wrap\" data-name=\"your-name\"><input size=\"40\" maxlength=\"400\" class=\"wpcf7-form-control wpcf7-text wpcf7-validates-as-required\" aria-required=\"true\" aria-invalid=\"false\" value=\"\" type=\"text\" name=\"your-name\" \/><\/span><\/label>\n\t\t<\/p>\n\t<\/div>\n\t<div class=\"col-md-4\">\n\t\t<p><label>E-mail:<span class=\"wpcf7-form-control-wrap\" data-name=\"your-email\"><input size=\"40\" maxlength=\"400\" class=\"wpcf7-form-control wpcf7-email wpcf7-validates-as-required wpcf7-text wpcf7-validates-as-email\" aria-required=\"true\" aria-invalid=\"false\" value=\"\" type=\"email\" name=\"your-email\" \/><\/span><\/label>\n\t\t<\/p>\n\t<\/div>\n\t<div class=\"col-md-4\">\n\t\t<p><label>Telefone:<span class=\"wpcf7-form-control-wrap\" data-name=\"your-tel\"><input size=\"40\" maxlength=\"400\" class=\"wpcf7-form-control wpcf7-tel wpcf7-text wpcf7-validates-as-tel\" aria-invalid=\"false\" value=\"\" type=\"tel\" name=\"your-tel\" \/><\/span><\/label>\n\t\t<\/p>\n\t<\/div>\n<\/div>\n<p><label>Menssagem:<span class=\"wpcf7-form-control-wrap\" data-name=\"your-message\"><textarea cols=\"40\" rows=\"10\" maxlength=\"2000\" class=\"wpcf7-form-control wpcf7-textarea\" aria-invalid=\"false\" name=\"your-message\"><\/textarea><\/span><\/label>\n<\/p>\n<div style=\"float: right\">\n\t<p><input class=\"wpcf7-form-control wpcf7-submit has-spinner\" type=\"submit\" value=\"Enviar\" \/>\n\t<\/p>\n<\/div><div class=\"wpcf7-response-output\" aria-hidden=\"true\"><\/div>\n<\/form>\n<\/div>\n\n<\/div>\n\n\n\n<div class=\"wp-block-column is-layout-flow wp-block-column-is-layout-flow\">\n<div style=\"height:25px\" aria-hidden=\"true\" class=\"wp-block-spacer\"><\/div>\n\n\n\n<ul>\n\t\t\t\t\t\t\t\t\t\t<li><p>Voc\u00ea pode utilizar o formul\u00e1rio ao lado ou, se preferir, alguma das op\u00e7\u00f5es abaixo:<\/p>\n<\/li>\n\t\t\t\t\t\n\t\t\t\t\t\t\t\t\t\t<li><i class=\"fa fa-map-marker\"><\/i>Endere\u00e7o: Rua Miguel Carlos, 11 &#8211; 5\u00ba Andar Sala 52 centro S\u00e3o Paulo \/ SP CEP.: 01023-010<\/li>\n\t\t\t\t\t\n\t\t\t\t\t\t\t\t\t\t<li><i class=\"fa fa-phone\"><\/i>Telefones: +55(11) 99973-2313 | 3229-4360 | 3229-4370<\/li>\n\t\t\t\t\t\n\t\t\t\t\t\t\t\t\t\t<li><i class=\"fa fa-envelope\"><\/i>Email: ferreira@deltaromeu.com.br<\/li>\n\t\t\t\t\t\n\t\t\t\t\n\t\t\t\t\t\t\t\t\t<\/ul>\n<\/div>\n<\/div>\n\n\n\n\n\n<div style=\"height:20px\" aria-hidden=\"true\" class=\"wp-block-spacer\"><\/div>\n\n\n\n<p><\/p>\n<\/div><\/div>\n\n\n\n<div style=\"height:90px\" aria-hidden=\"true\" class=\"wp-block-spacer\"><\/div>\n","protected":false},"excerpt":{"rendered":"<p>Sobre n\u00f3s A Delta Romeu despachantes nasceu quando seu fundador Francisco Batista Ferreira, instrutor e examinador de ultraleves, piloto privado de avi\u00e3o, professor de aulas te\u00f3ricas para avia\u00e7\u00e3o aerodesportiva, mais conhecido como Ferreira, come\u00e7ou a ajudar seus alunos e amigos na presta\u00e7\u00e3o de servi\u00e7os de despachante na avia\u00e7\u00e3o civil junto \u00e0 ANAC e ANATEL. Sua<a class=\"more-link\" href=\"https:\/\/deltaromeu.com.br\/portal\/\">Read more  &#10230;<\/a><\/p>\n","protected":false},"author":1,"featured_media":0,"parent":0,"menu_order":0,"comment_status":"closed","ping_status":"closed","template":"","meta":{"_editorskit_title_hidden":true,"_editorskit_reading_time":1,"_editorskit_is_block_options_detached":false,"_editorskit_block_options_position":"{}","inline_featured_image":false,"footnotes":""},"class_list":["post-407","page","type-page","status-publish","hentry"],"_links":{"self":[{"href":"https:\/\/deltaromeu.com.br\/portal\/index.php\/wp-json\/wp\/v2\/pages\/407","targetHints":{"allow":["GET"]}}],"collection":[{"href":"https:\/\/deltaromeu.com.br\/portal\/index.php\/wp-json\/wp\/v2\/pages"}],"about":[{"href":"https:\/\/deltaromeu.com.br\/portal\/index.php\/wp-json\/wp\/v2\/types\/page"}],"author":[{"embeddable":true,"href":"https:\/\/deltaromeu.com.br\/portal\/index.php\/wp-json\/wp\/v2\/users\/1"}],"replies":[{"embeddable":true,"href":"https:\/\/deltaromeu.com.br\/portal\/index.php\/wp-json\/wp\/v2\/comments?post=407"}],"version-history":[{"count":16,"href":"https:\/\/deltaromeu.com.br\/portal\/index.php\/wp-json\/wp\/v2\/pages\/407\/revisions"}],"predecessor-version":[{"id":475,"href":"https:\/\/deltaromeu.com.br\/portal\/index.php\/wp-json\/wp\/v2\/pages\/407\/revisions\/475"}],"wp:attachment":[{"href":"https:\/\/deltaromeu.com.br\/portal\/index.php\/wp-json\/wp\/v2\/media?parent=407"}],"curies":[{"name":"wp","href":"https:\/\/api.w.org\/{rel}","templated":true}]}}